{"id":159,"date":"2012-03-11T21:57:39","date_gmt":"2012-03-12T01:57:39","guid":{"rendered":"http:\/\/pierrejean.com\/wp-content\/uploads\/2012\/03\/IMG_0594.jpeg"},"modified":"2012-03-11T21:57:39","modified_gmt":"2012-03-12T01:57:39","slug":"img_0594","status":"inherit","type":"attachment","link":"https:\/\/pierrejean.com\/atable\/saumon-au-naturel\/img_0594\/","title":{"rendered":"T\u00eates de violon"},"author":1,"featured_media":0,"comment_status":"open","ping_status":"open","template":"","meta":{"editor_plus_copied_stylings":"{}","rsg_gallery_tags":"","rsg_gallery_link":"","rsg_gallery_video_link":"","rsg_gallery_type_link":0,"rsg_gallery_col":0},"class_list":["post-159","attachment","type-attachment","status-inherit","hentry"],"robofields":{"title":"T\u00eates de violon","description":"","alt":"","caption":"T\u00eates de violon, le premier l\u00e9gume du printemps"},"jetpack_sharing_enabled":true,"jetpack_shortlink":"https:\/\/wp.me\/abxdSo-2z","description":{"rendered":"<p class=\"attachment\"><a href='https:\/\/pierrejean.com\/atable\/wp-content\/uploads\/2012\/03\/IMG_0594.jpeg'><img loading=\"lazy\" decoding=\"async\" width=\"250\" height=\"187\" src=\"https:\/\/pierrejean.com\/atable\/wp-content\/uploads\/2012\/03\/IMG_0594-250x187.jpg\" class=\"attachment-medium size-medium\" alt=\"\" srcset=\"https:\/\/pierrejean.com\/atable\/wp-content\/uploads\/2012\/03\/IMG_0594-250x187.jpg 250w, https:\/\/pierrejean.com\/atable\/wp-content\/uploads\/2012\/03\/IMG_0594-500x374.jpg 500w, https:\/\/pierrejean.com\/atable\/wp-content\/uploads\/2012\/03\/IMG_0594.jpeg 640w\" sizes=\"auto, (max-width: 250px) 100vw, 250px\" data-attachment-id=\"159\" data-permalink=\"https:\/\/pierrejean.com\/atable\/saumon-au-naturel\/img_0594\/\" data-orig-file=\"https:\/\/pierrejean.com\/atable\/wp-content\/uploads\/2012\/03\/IMG_0594.jpeg\" data-orig-size=\"640,479\" data-comments-opened=\"1\" data-image-meta=\"{&quot;aperture&quot;:&quot;0&quot;,&quot;credit&quot;:&quot;&quot;,&quot;camera&quot;:&quot;&quot;,&quot;caption&quot;:&quot;&quot;,&quot;created_timestamp&quot;:&quot;0&quot;,&quot;copyright&quot;:&quot;&quot;,&quot;focal_length&quot;:&quot;0&quot;,&quot;iso&quot;:&quot;0&quot;,&quot;shutter_speed&quot;:&quot;0&quot;,&quot;title&quot;:&quot;&quot;}\" data-image-title=\"T\u00eates de violon\" data-image-description=\"\" data-image-caption=\"&lt;p&gt;T\u00eates de violon, le premier l\u00e9gume du printemps&lt;\/p&gt;\n\" data-large-file=\"https:\/\/pierrejean.com\/atable\/wp-content\/uploads\/2012\/03\/IMG_0594-500x374.jpg\" \/><\/a><\/p>\n"},"caption":{"rendered":"<p>T\u00eates de violon, le premier l\u00e9gume du printemps<\/p>\n"},"alt_text":"","media_type":"image","mime_type":"image\/jpeg","media_details":{"width":"640","height":"479","hwstring_small":"height='96' width='128'","file":"2012\/03\/IMG_0594.jpeg","sizes":{"thumbnail":{"file":"IMG_0594-150x150.jpg","width":"150","height":"150","source_url":"https:\/\/pierrejean.com\/atable\/wp-content\/uploads\/2012\/03\/IMG_0594-150x150.jpg"},"medium":{"file":"IMG_0594-250x187.jpg","width":"250","height":"187","source_url":"https:\/\/pierrejean.com\/atable\/wp-content\/uploads\/2012\/03\/IMG_0594-250x187.jpg"},"large":{"file":"IMG_0594-500x374.jpg","width":"500","height":"374","source_url":"https:\/\/pierrejean.com\/atable\/wp-content\/uploads\/2012\/03\/IMG_0594-500x374.jpg"},"full":{"file":"IMG_0594.jpeg","width":640,"height":479,"mime_type":"image\/jpeg","source_url":"https:\/\/pierrejean.com\/atable\/wp-content\/uploads\/2012\/03\/IMG_0594.jpeg"}},"image_meta":{"aperture":"0","credit":"","camera":"","caption":"","created_timestamp":"0","copyright":"","focal_length":"0","iso":"0","shutter_speed":"0","title":""}},"post":158,"source_url":"https:\/\/pierrejean.com\/atable\/wp-content\/uploads\/2012\/03\/IMG_0594.jpeg","_links":{"self":[{"href":"https:\/\/pierrejean.com\/atable\/wp-json\/wp\/v2\/media\/159","targetHints":{"allow":["GET"]}}],"collection":[{"href":"https:\/\/pierrejean.com\/atable\/wp-json\/wp\/v2\/media"}],"about":[{"href":"https:\/\/pierrejean.com\/atable\/wp-json\/wp\/v2\/types\/attachment"}],"author":[{"embeddable":true,"href":"https:\/\/pierrejean.com\/atable\/wp-json\/wp\/v2\/users\/1"}],"replies":[{"embeddable":true,"href":"https:\/\/pierrejean.com\/atable\/wp-json\/wp\/v2\/comments?post=159"}]}}

Têtes de violon

Têtes de violon, le premier légume du printemps

<p class="attachment"><a href='https://pierrejean.com/atable/wp-content/uploads/2012/03/IMG_0594.jpeg'><img loading="lazy" decoding="async" width="250" height="187" src="https://pierrejean.com/atable/wp-content/uploads/2012/03/IMG_0594-250x187.jpg" class="attachment-medium size-medium" alt="" srcset="https://pierrejean.com/atable/wp-content/uploads/2012/03/IMG_0594-250x187.jpg 250w, https://pierrejean.com/atable/wp-content/uploads/2012/03/IMG_0594-500x374.jpg 500w, https://pierrejean.com/atable/wp-content/uploads/2012/03/IMG_0594.jpeg 640w" sizes="auto, (max-width: 250px) 100vw, 250px" data-attachment-id="159" data-permalink="https://pierrejean.com/atable/saumon-au-naturel/img_0594/" data-orig-file="https://pierrejean.com/atable/wp-content/uploads/2012/03/IMG_0594.jpeg" data-orig-size="640,479" data-comments-opened="1" data-image-meta="{&quot;aperture&quot;:&quot;0&quot;,&quot;credit&quot;:&quot;&quot;,&quot;camera&quot;:&quot;&quot;,&quot;caption&quot;:&quot;&quot;,&quot;created_timestamp&quot;:&quot;0&quot;,&quot;copyright&quot;:&quot;&quot;,&quot;focal_length&quot;:&quot;0&quot;,&quot;iso&quot;:&quot;0&quot;,&quot;shutter_speed&quot;:&quot;0&quot;,&quot;title&quot;:&quot;&quot;}" data-image-title="Têtes de violon" data-image-description="" data-image-caption="&lt;p&gt;Têtes de violon, le premier légume du printemps&lt;/p&gt;
" data-large-file="https://pierrejean.com/atable/wp-content/uploads/2012/03/IMG_0594-500x374.jpg" /></a></p>

<p>Têtes de violon, le premier légume du printemps</p>
